
{"id":54,"date":"2020-12-21T11:48:47","date_gmt":"2020-12-21T08:48:47","guid":{"rendered":"https:\/\/www.arc.com.tr\/?page_id=54"},"modified":"2022-11-27T11:46:47","modified_gmt":"2022-11-27T08:46:47","slug":"referanslar","status":"publish","type":"page","link":"https:\/\/www.arc.com.tr\/index.php\/referanslar\/","title":{"rendered":"Referanslar"},"content":{"rendered":"\n<h1><strong>H\u0130ZMET VERD\u0130\u011e\u0130M\u0130Z KURULU\u015eLAR<\/strong><\/h1>\n\n\n\n<h4>1995\u2019den Bu yana Alfabetik S\u0131ra \u0130le<\/h4>\n\n\n\n<p>ABALIO\u011eLU HOLD\u0130NG<br>ABB ELEKTR\u0130K<br>ABBOTT<br>ABD\u0130 \u0130BRAH\u0130M \u0130LA\u00c7 SAN. \u00a0 \u00a0\u00a0<br>ABKA G\u0130Y\u0130M<br>ACIBADEM<br>ADANA \u00c7\u0130MENTO<br>ADECCO H\u0130ZM.\u00a0<br>AD\u0130DAS<br>ADTRANZ<br>ADVANCE<br>AFRA KOMBASSAN<br>AK \u00c7\u0130MENTO A.\u015e.<\/p>\n\n\n\n<p>AK GIDA<br>AK ENERJ\u0130<br>AKBANK<br>AK\u00c7ANSA<br>AKDEN\u0130Z TEKST\u0130L<\/p>\n\n\n\n<p>AK F\u0130NANSAL K\u0130RALAMA<br>AKFEN \u0130N\u015eAAT<br>AKIN TEKST\u0130L<br>AKK\u0130M K\u0130MYA<\/p>\n\n\n\n<p>AKK\u00d6K HOLD\u0130NG<br>AKLAR OTOMOT\u0130V<br>AKMODA<br>AKNET<br>AKRIL K\u0130MYA<br>AKSA AKR\u0130L\u0130K<br>AKSU \u0130PL\u0130K<br>AKTA\u015e GROUP<br>AKT\u0130F DA\u011eITIM<br>AKY\u0130\u011e\u0130T TEKST\u0130L<br>AKY\u00dcN<br>AKZO NOBEL<br>ALARKO<br>ALCATEL TELETAS<br>ALEMDAR HOLD\u0130NG<br>ALEMDAR K\u0130MYA<br>ALKON<br>ALPOM<br>ALS\u0130M ALARKO<br>ALTA\u015e<br>ALTINEL MELAM\u0130N<br>ALTINMARKA GIDA SAN<br>ALTINYILDIZ<br>AMASYA \u015eEKER FAB.&nbsp;<br>ANADOLU CAM<br>ANADOLU \u00c7\u0130MENTO<br>ANADOLU ECOPACK<br>ANADOLU HONDA<br>ANADOLU ISUZU<br>ANADOLUBANK<\/p>\n\n\n\n<p>ANADOLU HOLDING<br>ANKARA UN SANAYI<br>AN-PA<br>APS TEKST\u0130L<br>APTEC<br>AR\u00c7EL\u0130K<br>ARDEM&nbsp;<br>ARDUMAN&nbsp;<br>ARENA B\u0130LG\u0130SAYAR&nbsp;<br>AREVA T&amp;D Enerji&nbsp;<br>ARFESAN<br>ARGE OTOMOT\u0130V<br>ARILI PLAST\u0130K<br>AR\u0130VA B\u0130LG\u0130SAYAR<br>ARKAS DEN\u0130ZC\u0130L\u0130K<br>ARMATEKS<br>ARSER<br>ARTEMA<br>ASA\u015e<br>ASELSAN<br>AS\u0130L \u00c7EL\u0130K<br>ASKAYNAK<br>ASLAN \u00c7\u0130MENTO<br>ASPEN&nbsp;<br>ASSAN<br>ASTEL KA\u011eIT\u00c7ILIK<br>ATA\u015e<br>ATERM\u0130T<br>ATILIM<br>ATLAS COPCO<br>ATLAS TUR\u0130ZM<\/p>\n\n\n\n<p>AUTOLIV CANKOR<\/p>\n\n\n\n<p>AVEBE N\u0130\u015eASTA<\/p>\n\n\n\n<p>AVENT\u0130S<br>AVRUPA VE AMER\u0130KA HOLD\u0130NG<br>AYBOY TEKST\u0130L<br>AYDIN KURUYEM\u0130\u015e<br>AYDIN TEKST\u0130L<br>AYDINER \u0130N\u015eAAT<br>AYDINLATMA ELEMANLARI<br>AYGAZ<br>AYSAN BOYA<br>AYSEL \u0130N\u015eAAT<br>BABCOCK-W\u0130LLCOX<br>BAKIM A\u015e<br>BALSU MARKETING<br>BANV\u0130T<br>BARAN AMBALAJ<br>BARMEK HOLD\u0130NG<br>BARW\u0130L DEN\u0130ZC\u0130L\u0130K<br>BASF SUMERBANK<br>BA\u015eARI ELEKTRON\u0130K<br>BA\u015eER HOLD\u0130NG<br>BATI\u00c7\u0130M<br>BAUHAUS<br>BAYCAN<br>BAYDEM\u0130RLER<br>BAYER T\u00dcRK&nbsp;<br>BAYINDIR HOLD\u0130NG<br>BAYKAL MAK.&nbsp;<br>BAYRAKLI BOYA<br>BAYRAKTAR<br>BAYTUR<br>BE\u011eEND\u0130K<br>BEKO&nbsp;<br>BELDEYAMA<br>BELG\u0130N MADEN\u0130 YA\u011eLAR<br>BELLA KA\u011eIT<\/p>\n\n\n\n<p>BENG\u0130 KOMB\u0130<br>BENKAR<br>BERBEN EKSPRES<br>BERDAN TEKST\u0130L<br>BERG ELEKTR\u0130K<br>BERSAY STRATEJ\u0130K<br>BESAN BES\u0130N SAN. VE T\u0130C. A.\u015e.<br>BESLER GIDA<br>BEST A.\u015e.<br>BE\u015eER BALATACILIK<br>BETA ELEKTRON\u0130K<br>BETEK BOYA<br>BEYMEN<br>BIANCHI<br>BI\u00c7AK\u00c7ILAR<br>BILIM \u0130LA\u00c7<br>B\u0130DA\u015e A.\u015e.<br>B\u0130LGE ADAM\u00a0<br>B\u0130LG\u0130N YAYINCILIK<br>B\u0130LKOM B\u0130LG\u0130SAYAR<br>B\u0130LKONT<br>B\u0130MPA\u015e<br>B\u0130RG\u0130 SAN.<br>B\u0130RL\u0130K GALVAN\u0130Z<br>B\u0130RL\u0130K MENSUCAT<br>B\u0130ROLLAR OTOMOY\u0130V<br>BNP AK DRESDNER<br>BNP AK DRESDNER F\u0130N.K\u0130R. \u00a0<br>BOEHRINGER INGELHEIM<br>BO\u011eAZ\u0130\u00c7\u0130 TEKST\u0130L<br>BOROVA YAPI<br>BORUSAN \u00a0HOLD\u0130NG \u00a0<br>BORUSAN OTOMOT\u0130V\u00a0<br>BOSAL M\u0130MAYSAN<br>BOSCH<br>BOSSA<br>BOTA\u015e AMBALAJ<br>BOTA\u015e BORU HATL.<br>BOTA\u015e INTERNATIONAL<br>BP<br>BRISA<br>BRISTOL-MYERS \u00a0 \u00a0 \u00a0 \u00a0 \u00a0 \u00a0 \u00a0 \u00a0<br>BR\u0130STOL<br>BSH PROF\u0130LO<br>BTA<br>BUR\u00c7EL\u0130K<br>BURGER KING<br>BURSA \u00c7\u0130MENTO<br>B\u00dcROS\u0130T<br>C.P. STANDART GIDA<br>CAM ELYAF SAN. A.\u015e.<br>CAN KARDE\u015eLER<\/p>\n\n\n\n<p>CAN\u0130K<br>CARGIL TARIM SAN.<br>CARL KUHNE\u00a0<br>CASTROL MADEN\u0130 YA\u011eLAR<br>CBR EXPANSION<br>CEM SU ARMAT\u00dcRLER\u0130<br>CEMRE HALICILIK<br>CEMTA\u015e<br>CESA \u00c7EMBER<br>CETA MAK\u0130NA<br>CEVHER D\u00d6K\u00dcM<br>CEYLAN G\u0130Y\u0130M<br>CHRYSLER<br>C\u0130DERSAN<br>CLARIANT<br>CNR<br>COATS<br>COCA-COLA<br>COLGATE PALMOLIVE<br>COMSAT<br>CONTEX<br>CONTINENT H\u0130PERMARKET<br>COOPERS &amp; LYBRAND<br>CORBUSS KUR.TELEKOM<br>CO\u015eKUN\u00d6Z<br>COTY KOZMET\u0130K<\/p>\n\n\n\n<p>CREAVIT<br>CROWNE PLAZA<br>\u00c7A\u011eDA\u015e MED\u0130KAL&nbsp;<br>\u00c7A\u011eLAR PLAST\u0130K<br>\u00c7ALIK HOLD\u0130NG<br>\u00c7AMLICA ALKOLS\u00dcZ \u0130\u00c7K\u0130LER<br>\u00c7AMSAN<br>\u00c7ANAKKALE SERAM\u0130K<br>\u00c7ARMOSAN<br>\u00c7ARMOSAN<br>\u00c7AR\u015eI MA\u011eZALARI<br>\u00c7AR\u015eI MA\u011eZALARI<br>\u00c7AYEL\u0130 BAKIR \u0130\u015eLETMELER\u0130 &nbsp;<br>\u00c7BS<br>\u00c7ELEB\u0130 HOLD\u0130NG<br>\u00c7EL\u0130K \u00c7ORAP<br>\u00c7EL\u0130K HALAT<br>\u00c7INKUR<br>\u00c7\u0130MBETON &nbsp; &nbsp; &nbsp; &nbsp; &nbsp; &nbsp;<br>\u00c7\u0130MENTA\u015e<br>\u00c7\u0130MTA\u015e BORU<br>\u00c7OLAKO\u011eLU \u0130N\u015e.<br>\u00c7UHADARO\u011eLU<br>\u00c7UKUROVA \u00c7EL\u0130K<br>\u00c7UKUROVA HOLD\u0130NG<br>\u00c7UMRA AMBALAJ<br>DAF TIRSAN<br>DANONE SA<br>DARDANEL<br>DEBA HOLD\u0130NG<br>DEBANT<br>DEDEMAN<br>DEITERMAN YAPI<br>DELPHI PACKARD<br>DELTA PLAST\u0130K<br>DEM\u0130R D\u00d6K\u00dcM<br>DEM\u0130RER KABLO<br>DEMKO<br>DEMPA<br>DENET CIVATA<br>DEN\u0130ZBANK<br>DENTA\u015e<br>DENVER<br>DESA M\u00dcHEND\u0130SL\u0130K<br>DETEKS K\u0130MYA<br>DEUTSCHE BANK<br>DEVA HOLD\u0130NG<br>DIGITURK<br>D\u0130ME\u015e GIDA<br>D\u0130MON T\u00dcRK T\u00dcT\u00dcN<br>D\u0130PER K\u0130MYA<br>D\u0130VHAN MADENC\u0130L\u0130K<br>D\u0130ZAYN TEKN\u0130K<br>DO\u011eAN LAST\u0130K<br>DO\u011eAN MATBAA<br>DO\u011eU\u015e ELEKTRON\u0130K<br>DO\u011eU\u015e HOLD\u0130NG<br>DO\u011eU\u015e OTOMOT\u0130V<br>DO\u011eU\u015e YAPI<br>DOM\u0130NO<br>DORUK HOLD\u0130NG<br>DOW AGRO SCIENCES<br>DOW T\u00dcRK\u0130YE<br>DOWEGE<br>DURAN OFSET&nbsp;<br>DURMAZLAR<br>DUSA<br>DUT TEKST\u0130L<br>D\u00dcNYA HALI<br>D\u00dcZEY PAZARLAMA<br>DYO<br>EAE ELEKTR\u0130K<br>ECZACIBA\u015eI BAXTER<br>ECZACIBA\u015eI ERP<br>ECZACIBA\u015eI HOLD\u0130NG<br>ECZACIBA\u015eI \u0130LA\u00c7 SAN.<br>ECZACIBA\u015eI KARO SERAM\u0130K<br>ECZACIBA\u015eI MEN. DE\u011eERLER<br>ECZCIBA\u015eI G\u0130R\u0130\u015e\u0130M<br>ED\u0130P \u0130PL\u0130K<br>EFE DI\u015e T\u0130C<br>EFES PAZARLAMA<br>EFES P\u0130LSEN<br>EFES SINA\u0130 YATIRIM HOLD.<br>EGE FERRO K\u0130MYA&nbsp;<br>EGE FREN<br>EGE G\u00dcBRE<br>EGE METAL&nbsp;<br>EGE PLANTEK<br>EGE SERAM\u0130K<br>EGEMEN<br>EGEPLAST<br>EGES ELEKTR\u0130K<br>EGO ELEKTR\u0130K<br>EGS DI\u015e T\u0130CARET<br>EGS HOLD\u0130NG<br>EKA ELEKTRON\u0130K<br>EK\u0130NC\u0130LER DEM\u0130R \u00c7EL\u0130K<br>EKMASAN<br>EKOL LOJ\u0130ST\u0130K<br>EKOL OFSET<br>EKUR<br>ELBO A.\u015e.<br>ELMEK<br>ELMOR<\/p>\n\n\n\n<p>ELSE TEKST\u0130L<br>ELTEM ELEKTR\u0130K<br>EMAS MAK.<br>EMAS MAK.<br>EMATEKS<br>EMB\u0130L \u0130LA\u00c7<br>EM\u0130N PASTANELER\u0130<br>EM\u0130N\u0130\u015e AMBALAJ&nbsp;<br>EMLAK PAZARLAMA<br>EMO TEKN\u0130K<br>EMPA<br>EMSAN<br>EMT ER\u0130MTAN<br>ENDA\u015e&nbsp;<br>ENERJ\u0130SA<br>ENKA PAZARLAMA<br>ENTEGRE GIDA<br>ENTERNASYONAL TUR\u0130ZM<br>ENT\u0130L A.\u015e.<br>ERAK G\u0130Y\u0130M<br>ERC\u0130YAS END\u00dcSTR\u0130<br>ERDEM\u0130R<br>ERENCO&nbsp;<br>ERICSSON<br>ERKABLO<br>ERKURT<br>ERKURT HOLD\u0130NG<br>ERMATEL<br>ERTEKS KONFEKS\u0130YON&nbsp;<br>ESAN<br>ESCORT<br>ES\u00c7\u0130M<br>ESEM ELEKTRON\u0130K<br>ESEM SPOR G\u0130Y\u0130M<br>ESEN<br>ET VE BALIK KURUMU<br>ETE MENSUCAT<br>ET\u0130 GIDA&nbsp;<br>ETSUN<br>EV\u0130TA TEKST\u0130L<br>EVYAP<br>EVYAP<br>EXPRES KARGO<br>EXXON MOB\u0130L<br>EZG\u0130 G\u0130Y\u0130M<br>FAKO \u0130LA\u00c7LARI<br>FAM\u0130LY F\u0130NANS<br>FAT\u0130H IMPEKS<br>FEN\u0130\u015e<br>FEVZ\u0130YE MEKTEPLER\u0130&nbsp;<br>F\u0130L\u0130Z GIDA<br>F\u0130STA\u015e<br>FLOKSER TEKST\u0130L<br>FMC NUROL<\/p>\n\n\n\n<p>FNF TEKNOLOJ\u0130<br>FON G\u0130Y\u0130M<br>FORD OTOMOT\u0130V<br>FRUMIKS MEYVE \u00dcR\u00dcNLER\u0130<br>FUAR TEKST\u0130L<br>FUJ\u0130 F\u0130LM<br>GALATASARAY HOLD\u0130NG<br>GALKON<br>GALMEK<br>GALSAN PLAST\u0130K<br>GAP \u0130DARES\u0130<br>GAP \u0130NTERNATIONAL&nbsp;<br>GAP \u0130PL\u0130K<br>GAP TEKST\u0130L<br>GARANT\u0130 BANKASI&nbsp;<br>GEC ALSTHOM<br>GED\u0130K HOLD\u0130NG<br>GEMSAN<br>GEMTRANS&nbsp;<br>GILLETTE (BRAUN)<br>G\u0130MA\u015e<br>G\u0130SAD<br>GLAXO SM\u0130TH KL\u0130NE<br>GLAXO WELLCOME<br>GLENGO<br>GOODYEAR<br>G\u00d6KTEPE<br>G\u00d6LTA\u015e<br>G\u00d6N DER\u0130<br>GRAMMER KOLTUK<br>GTECH<br>G\u00dcM\u00dc\u015eSUYU<br>G\u00dcR G\u00d6MLEK<br>G\u00dcR\u0130\u015e<br>G\u00dcRSAN CAM<br>G\u00dcRTEKS TEKST\u0130L<br>HAL\u0130FAKS<\/p>\n\n\n\n<p>HALK F\u0130NANSAL K\u0130RALAMA<br>HAMLE<br>HAR\u0130BO \u015eEKERLEME<br>HAS TUR\u0130ZM<br>HAVAK<br>HAVA\u015e<br>HAVELSAN<br>HAYAT K\u0130MYA<br>HAYAT K\u0130MYA<br>HEKTA\u015e<br>HENKELTURYA\u011e<br>HER\u0130\u015e SERAM\u0130K<br>HEWLETT PACKARD<br>H\u0130DROMEK<\/p>\n\n\n\n<p>H\u0130LKAR ELEKTRON\u0130K<br>H\u0130POKRAT<br>HOB\u0130M<br>HOESHST<br>HOL\u0130DAY<br>HONDA T\u00dcRK\u0130YE<br>HOROZ NAKL\u0130YAT<br>HP PELZER<br>HUGO BOSS TEKST\u0130L<br>HULS STOCKHAUSEN<br>HUNCA KOZMET\u0130K<br>H\u00dcRR\u0130YET<br>H\u00dcSTA\u015e A.\u015e.<br>HYUNDAI ASSAN<br>I-BIMSA<\/p>\n\n\n\n<p>ICM MAK\u0130NA<br>IHLAS MOTOR<br>INCO \u0130N\u015eAAT<br>INTERSPOR<br>ISISAN&nbsp;<br>I\u015eIKLAR HOLD\u0130NG<br>\u0130.E. ULAGAY \u0130LA\u00c7 SAN.<br>\u0130GS<br>\u0130GSA\u015e<br>\u0130HLAS &nbsp;ACER B\u0130LG\u0130SAYAR<br>\u0130HLAS EV ALETLERI<br>\u0130HLAS HOLD\u0130NG<br>\u0130LSAN \u0130LA\u00c7<br>\u0130MBAT ME\u015eRUBAT<br>\u0130MTEKS<br>\u0130NC\u0130 EXIDE AK\u00dc<br>\u0130NOKSAN<br>\u0130NTEK A.\u015e.<br>\u0130NTERMART<\/p>\n\n\n\n<p>ISUZU<br>\u0130PEK KA\u011eIT<br>\u0130PRAGAZ A.\u015e.<br>\u0130SBAK A.\u015e.<br>\u0130SMAR H\u0130PERMARKET<br>\u0130SMEK<br>\u0130STANBUL \u00c7ORAP SAN. A.\u015e.<br>\u0130ST\u0130KBAL MOB\u0130LYA<\/p>\n\n\n\n<p>\u0130SV\u0130\u00c7RE S\u0130GORTA<br>\u0130\u015eBANK&nbsp;<br>\u0130\u015eB\u0130R TERMOSET<br>\u0130TO K\u0130L\u0130T<br>\u0130ZELTA\u015e<br>\u0130ZM\u0130R BASMA FAB.<br>\u0130ZM\u0130R DEM\u0130R \u00c7EL\u0130K<br>\u0130ZM\u0130R LOJ\u0130ST\u0130K&nbsp;<br>\u0130ZM\u0130R PAMUK &nbsp; &nbsp; &nbsp; &nbsp; &nbsp; &nbsp; &nbsp; &nbsp; &nbsp; &nbsp;&nbsp;<br>\u0130ZM\u0130R T\u0130CARET BORSASI<br>\u0130ZOCAM<br>JAMAK<br>JETPA HOLD\u0130NG<br>JOHNSON &nbsp; &nbsp; &nbsp; &nbsp; &nbsp;<\/p>\n\n\n\n<p>JOTUN BOYA&nbsp; &nbsp; &nbsp; &nbsp; &nbsp; &nbsp;&nbsp;<br>JTI T\u00dcT\u00dcNC\u00dcLER&nbsp;<br>KALE ELEKTRON\u0130K<br>KALE EXPORT<br>KALE MADEN<br>KALE OTO RADYAT\u00d6RLER\u0130<br>KALE PORSELEN<br>KALE TERAS\u0130T<br>KAMER TEKST\u0130L<br>KANLICA DEN\u0130ZC\u0130L\u0130K<br>KAPTAN DEM\u0130R \u00c7EL\u0130K<br>KAR GIDA<br>KARDEM\u0130R<br>KARSAN OTOMOT\u0130V<br>KARTS\u0130S<br>KASTAMONU HOLD\u0130NG<br>KA\u015e\u0130F KALKAVAN GRUBU&nbsp;<br>KAV AMBALAJ<br>KAVAKLIDERE \u015eARAPLARI &nbsp;<br>KENT GIDA<br>KEPEZ ELEKTR\u0130K T.A.\u015e.<br>KER\u0130M \u00c7EL\u0130K<br>KIRA\u00c7A HOLD\u0130NG<br>K\u0130BAR HOLD\u0130NG<br>KKTCELL<br>KO\u00c7 F\u0130NANSAL K\u0130RALAMA<br>KO\u00c7 S\u0130STEM<br>KO\u00c7 \u00dcN\u0130VERS\u0130TES\u0130 &nbsp; &nbsp; &nbsp; &nbsp;<br>KO\u00c7BANK<br>KODAK<br>KOLLEKS\u0130YON MOB\u0130LYA<br>KOLUMAN<br>KOM TEKS. VE KONF.<br>KOM\u0130L\u0130<br>KOMSA ELEKTRONIK<br>KONFRUT GIDA<br>KORAY YAPI<br>KORDSA<br>KORDSA<br>KOROZO<br>KOSGEB<\/p>\n\n\n\n<p>KOZA ALTIN<br>KOZMOSAN<br>K\u00d6M\u00dcR OF\u0130S\u0130 A.\u015e.<br>K\u00d6RFEZ PETROK\u0130MYA<br>K\u00d6SELER TEKST\u0130L<br>KUVEYTTURK<br>K\u00dc\u00c7\u00dcK\u00c7ALIK HOLD\u0130NG<br>K\u00dc\u00c7\u00dcK\u00c7ALIK MEFRU\u015eAT<br>K\u00dcMA\u015e<br>K\u00dcTAHYA PORSELEN<br>K\u00dcTAHYA PORSELEN<br>KVK&nbsp;<\/p>\n\n\n\n<p>LACTALIS<br>LAFARGE<br>LAMB-WESTON DO\u011eU\u015e<br>LAWSON MARDON BAK<br>LEITZ MANU<\/p>\n\n\n\n<p>LG ELECTRONICS<br>L\u0130BA LABRATUAR<br>L\u0130BRA<br>L\u0130DYA KONSERVEC\u0130L\u0130K<br>L\u0130PMAN ELEKT.<br>LOGO YAZILIM<br>LOREAL<br>LUCAS D\u0130ZEL<br>LUKOVA<br>L\u00dcKS KAD\u0130FE<br>LYRA Y\u00d6NET\u0130M H\u0130ZMETLER\u0130<\/p>\n\n\n\n<p>MADO<br>MAERSK DEN\u0130ZC\u0130L\u0130K<br>MAGNES\u0130T<br>MA\u0130S A.\u015e<\/p>\n\n\n\n<p>MAHLE F\u0130LTRE<br>MAJOR SKT&nbsp;<br>MAK\u0130NA TAKIM<br>MAKO ELEKT.<\/p>\n\n\n\n<p>MAN DIESEL&nbsp;<br>MAN ENERJ\u0130<br>MANNESMAN<br>MAPA<br>MARD\u0130N \u00c7\u0130MENTO<br>MARKA MA\u011eZACILIK<br>MARKEM<br>MARKS &amp; SPENCER<br>MARSHALL<br>MAS POMPA<br>MAV\u0130 JEANS<br>MAY TOHUM<br>MAY TOHUMCULUK<br>MAYSAN<br>MAZDA MOTOR<br>MC DONALDS<br>MEDYA HOLD\u0130NG<br>MEDYA PARK YAYINCILIK<br>MEGES&nbsp;<br>MENDERES TEKST\u0130L<br>MENPA MENSUCAT&nbsp;<br>MENSA<br>MENSEL<br>MERCEDES-BENZ<br>MERCK SHARP DOHME<br>MER\u0130NOS DER\u0130<br>MERKEZ \u00c7EL\u0130L<br>MERS\u0130N SERBEST B\u00d6LGE<br>MERT TEKN\u0130K<br>MESA MESKEN<br>METALKON&nbsp;<br>METEKSAN<br>MET\u0130\u015e&nbsp;<br>METKON<br>METRO GROSS MARKET<br>MEY \u0130\u00c7K\u0130<br>MGI COUTIER<br>M\u0130GROS&nbsp;<br>M\u0130LL\u0130 P\u0130YANGO<br>M\u0130LTEN<br>M\u0130TA\u015e&nbsp;<br>M\u0130TRA TEKST\u0130L<br>MODERNTEKS<br>MOOD MOB\u0130LYA<br>MOTOSAN MOTOR<br>MUDURNU TAVUK\u00c7ULUK<br>MUSTAFA NEVZAT \u0130LA\u00c7<br>MUTAF\u00c7ILAR<br>MUTLU AK\u00dc<br>NACANCO AMBALAJ<br>NAKLOG LOJ\u0130ST\u0130K<br>NASA TEKST\u0130L<br>NAZIM \u00d6Z MAL\u0130 &nbsp;M\u00dc\u015eAV.<br>NCR<br>NERG\u0130Z HOLD\u0130NG<br>NESTLE&nbsp;<br>NET HOLD\u0130NG<br>NETA\u015e<br>N\u0130SSAN OTOMOT\u0130V<br>NOBEL \u0130LA\u00c7<br>NOVART\u0130S<\/p>\n\n\n\n<p>NSK<br>NUH \u00c7\u0130MENTO<br>NUROL<br>NURSAN ELEKT.<br>NURSAN ELEKTR\u0130K<br>OD\u00d6KSAN<br>OERL\u0130KON KAYNAK&nbsp;<br>OKAN HOLD\u0130NG<br>OK\u0130 S\u0130STEM&nbsp;<\/p>\n\n\n\n<p>OLGUN \u00c7EL\u0130K<br>OLMUKSA<br>OMN\u0130 YAZILIM&nbsp;<br>OMSAN LOJ\u0130ST\u0130K&nbsp;<br>ONDUL\u0130NA<br>OPAR<br>OPEL<br>ORTA ANADOLU \u00c7\u0130MENTO<br>ORTA ANADOLU HOL.<br>OTOKAR<br>OTOSAN<br>OTOYOL SAN.<br>OVA ELEKTR\u0130K<br>OYAK&nbsp;<br>OYAK RENAULT<br>OYAKBANK<br>\u00d6RSA TEKST\u0130L<br>\u00d6ZELLE\u015eT\u0130RME \u0130DARES\u0130<br>\u00d6ZKAN DEM\u0130R \u00c7EL\u0130K<br>\u00d6ZKA\u015eIK\u00c7I BULKON UN<br>\u00d6ZK\u00d6SEO\u011eLU<br>\u00d6ZKUL G\u0130Y\u0130M<br>\u00d6ZMAYA SAN.&nbsp;<br>\u00d6ZMEN DER\u0130<br>\u00d6ZTARHANLAR<br>\u00d6ZT\u00dcRE K\u0130RE\u00c7\u00c7\u0130L\u0130K<br>P&amp;G T\u00dcK. MALL.<br>PACKARD ELEKTR\u0130K<br>PAK GIDA<br>PAKSAN MAK\u0130NA<br>PAKSOY<br>PAN LOJ\u0130ST\u0130K&nbsp;<br>PARILTI ELEKTRONIK<br>PARK TEKST\u0130L<br>PARSAN MAK\u0130NE<br>PASTEUR&nbsp;<br>PA\u015eA HOLD\u0130NG<br>PA\u015eABAH\u00c7E<br>PCK EKEKT.<br>PCK ELEKTR\u0130K<br>PEG PROFILO<\/p>\n\n\n\n<p>PEL\u0130CAN DEN\u0130ZC\u0130L\u0130K&nbsp;<br>PENGUEN GIDA<br>PEPS\u0130 COLA<br>PERFEKT\u00dcP AMBALAJ<br>PERFETT\u0130 GIDA<br>PETGAZ-BOTA\u015e<br>PETK\u0130M<br>PETLAS<br>PETROL OF\u0130S\u0130<br>PEUGEOT&nbsp;<br>PFIZER \u0130AL\u00c7<br>PHILSA<br>PINAR &nbsp;S\u00dcT<br>PINAR ET<br>P\u0130LSA<br>P\u0130MA\u015e<br>P\u0130RELL\u0130 KABLO<br>P\u0130RELL\u0130 LAST\u0130K<br>P\u0130TA\u015e<br>POLAR\u0130S TEKST\u0130L<br>POL\u0130BAK PLAST\u0130K<\/p>\n\n\n\n<p>POL\u0130FARMA<br>POL\u0130FEN<br>POL\u0130HRADE<br>POL\u0130NAS<br>POLK\u0130MA<br>PORCAN<br>PORTA\u015e<br>PPG K\u0130MYA<br>PRICE WATERHOUSE<br>PROCTER&amp;GAMBLE<br>PROF\u0130LO TELRA<br>PROMED \u0130LA\u00c7 SANAYI<br>PRONET G\u00dcVENL\u0130K<br>PULSE ELEKTR\u0130K<br>PUMA&nbsp;<br>RABAK<br>RAKS ELEKTRONIK<br>RAKS EV ALTLER\u0130<br>RAKS HOLD\u0130NG<br>RAM DIS TICARET<br>REKABET KURUMU<br>REKOR KAUCUK<br>RENAULT&nbsp;<br>REUTERS<br>RIMAKS<br>ROCHE<br>ROKETSAN<br>RORMLEKS YALITIM<br>ROTEKS TEKST\u0130L<br>ROZMA\u015e<br>RU\u015eEN DI\u015e T\u0130CARET<\/p>\n\n\n\n<p>SAAT &amp; SAAT<br>SABANCI HOLD\u0130NG<br>SAB\u0130HA G\u00d6K\u00c7EN<\/p>\n\n\n\n<p>SAMIB<br>SAN\u0130PAK SA\u011eLIK&nbsp;<br>SAP B\u0130LG\u0130\u0130\u015eLEM<br>SARAR<br>SARAY B\u0130SK\u00dcV\u0130<br>SARAY HALI<br>SARISAKAL<br>SARKUYSAN&nbsp;<\/p>\n\n\n\n<p>SARMET-SAN PLAST\u0130K<br>SARUHAN KONSERVE<br>SASA<br>SATEL<br>SCHLUMBERGER<br>SCHMALBACH LUBECA AMBALAJ SAN.<br>SCHNE\u0130DER A.\u015e.<br>SCHNIDER<br>SE\u00c7 TARIM<br>SEL\u00c7UK GIDA<br>SELYAK PETROL<br>SENTEZ TUR\u0130ZM<br>SERAN\u0130T<br>SEREL SERAMIK<br>SERVIER<br>SETA\u015e K\u0130MYA<br>SETKOM<br>SGS SUPERVIVE<br>SIEMENS<br>SIHHAT DA\u011eITIM PAZ.<br>S\u0130KA DETEKS<br>S\u0130LKAR GRAN\u0130T<br>S\u0130MGE K\u00c2\u011eIT\u00c7ILIK<br>S\u0130MKO<br>S\u0130NCAN STYROPOR<br>S\u0130NGER<br>SMITH KLEINE BEECHAM<br>SODA SAN.<br>SOFRA YEMEK \u00dcRET\u0130M<br>SOLMAZ MERCAN<br>SOYAK<br>SOYLU END\u00dcTR\u0130YEL<br>S\u00d6\u011e\u00dcT PAZARLAMA<br>S\u00d6\u011e\u00dcT SERAM\u0130K<br>S\u00d6KE DE\u011e\u0130RMENC\u0130L\u0130K<br>S\u00d6KTA\u015e<br>S\u00d6KTA\u015e PAMUK<br>SPEKTRUM ELEKT.<br>STANDART PROF\u0130L<br>STFA ELTA<br>STFA \u0130N\u015eAAT<br>STFA OGDEN H\u0130ZMET<br>STFA TEMEL<br>SUNJ\u00dcT<br>SURTEL KABLO &nbsp; &nbsp; &nbsp; &nbsp; &nbsp; &nbsp; &nbsp; &nbsp; &nbsp;<br>SUZUKI<br>S\u00dcMER HOLD\u0130NG<br>S\u00dcPER F\u0130LM<br>S\u00dcPER KAU\u00c7UK SAN A.\u015e.<br>S\u00dcTA\u015e<br>SWEDISH MATCH<br>\u015eAFAK MAK\u0130NE<br>\u015eAH\u0130NLER HOLD\u0130NG<br>\u015eAHNUR TEKST\u0130L<br>\u015eAYAKCI MADENC\u0130L\u0130K<br>\u015eEKER FABR\u0130KALARI<br>\u015eEKER P\u0130L\u0130\u00c7&nbsp;<br>\u015e\u0130\u015eE CAM<br>T.A.V.<br>TAB GIDA<br>TA\u00c7 SAN.<br>TADIM GIDA<br>TAHA HOLD\u0130NG<br>TAH\u0130NC\u0130O\u011eLU HOLD\u0130NG<br>TAMSA<br>TANTUR TUR\u0130ZM<br>TAR\u0130\u015e<br>TAR\u0130\u015e ZEYT\u0130N<br>TAT\u0130LYA<br>TATKO<br>TAYEKS<br>TAYLOR NELSON SOFRES<br>TAYSAN OTO<br>TEA\u015e<br>TEB&nbsp;<br>TECASA<br>TEFAL<br>TEKLAS<br>TEKLAS KAU\u00c7UK SAN.<br>TEKMAR MERMER<br>TEKNIK MALZEME A.\u015e.<br>TEKOFAKS<br>TEKSMOB\u0130L\u0130 TEKST\u0130L<br>TEKST\u0130PL\u0130K<br>TELS\u0130M<br>TEMSA<br>TEPE BETOPAN<br>TEPE MOB\u0130LYA<br>TEPE PAZARLAMA<br>TEPUM B\u0130LG\u0130SAYAR<br>TERMAL ELEKTIRIK<br>TERMO TEKN\u0130K<br>TERRAKO<br>TETA\u015e<br>TETRA<br>TEZCAN GALVAN\u0130Z<br>TEZMAKSAN<br>THERMAFLEX<br>THY<br>TIBSET<br>TIRSAN<br>T\u0130GEM<br>T\u0130KVE\u015eL\u0130<br>T\u0130T\u0130Z PLAST\u0130K<br>TNT<br>TOFA\u015e<br>TOMRUK PRESS A.\u015e.<br>TOPKAPI \u015e\u0130\u015eE SAN.<br>TOPRAK HOLD\u0130NG<br>TOPRAK \u0130LA\u00c7<br>TOPRAK \u0130N\u015eAAT<br>TOPRAK \u0130ZOLASYON<br>TOPRAK MAHSULLER\u0130 OF\u0130S\u0130<br>TOROS G\u00dcBRE<br>TOTAL OIL<br>TOYOTASA<br>TOYRRUS<br>TRAKYA CAM&nbsp;<br>TRAKYA D\u00d6K\u00dcM<br>TRANST\u00dcRK&nbsp;<br>TSKB<br>TUB\u0130TAK<br>TUKA\u015e<br>TUN\u00c7 TEKST\u0130L<br>TUN\u0130K ELEKTROMEKAN\u0130K<br>TURCASS<br>TURCOM<br>TURKCELL<br>TURKCELL&nbsp;<br>TUSAS HAVACILIK<br>TUSA\u015e<br>TUT KELEP\u00c7E<\/p>\n\n\n\n<p>T\u00dcB\u0130TAK<br>T\u00dcFEK\u00c7\u0130 LTD.<br>T\u00dcGSA\u015e<br>T\u00dcMTEKS<br>T\u00dcPRA\u015e<br>T\u00dcRK HAVA KURUMU<\/p>\n\n\n\n<p>T\u00dcRK \u0130LA\u00c7<br>T\u00dcRK KALP VAKFI&nbsp;<br>T\u00dcRK PH\u0130L\u0130PS&nbsp;<br>T\u00dcRK P\u0130RELL\u0130<br>T\u00dcRK TUBORG<br>T\u00dcRK\u0130YE DER\u0130 KONF. DERNE\u011e\u0130<br>T\u00dcRK\u0130YE PETROLLER\u0130 A.O.<br>T\u00dcRKMEN HOLD\u0130NG<br>T\u00dcT\u00dcNC\u00dcLER<br>T\u00dcYAP<br>TYCO ELEKT.<br>U\u011eUR DER\u0130N DONDURUCU<br>ULUSOY SEYAHAT<br>ULUTURAS<br>UNIVERSAL T\u00dcT\u00dcN<br>UN\u0130VERA B\u0130LG\u0130SAYAR<br>UNMA\u015e<br>UNOTEKS<br>US\u0130AD<br>UT\u0130 TA\u015eIMACILIK<br>UZAY GIDA<br>UZEL MAKINE<br>\u00dcLKER GIDA&nbsp;<br>\u00dcMRAN \u00c7EL\u0130K<br>\u00dcNYE \u00c7\u0130MENTO<br>\u00dcST\u00dcN GIDA&nbsp;<br>VALEO OTOMOT\u0130V<br>VANLEER SAF PLAST\u0130K<br>VATAN PLAST\u0130K<br>VEMKA DI\u015e T\u0130C.<br>VESTEL<br>V\u0130S<br>VOLKSWAGEN ELEKTR\u0130K<\/p>\n\n\n\n<p>VOLVO GROUP<br>WHITE CAP AMBALAJ<br>YALOVA ELYAF<br>YALTEKS<br>YAPA\u015e<br>YAPI MERKEZ\u0130<br>YAPSAN<br>YASA\u015e<br>YA\u015eMAK TUR\u0130ZM<br>YATA\u015e<br>YAYSAN<br>YAZAKI OTOMOT\u0130V<br>YE\u011e\u0130N TEKST\u0130L<br>YEN\u0130 KARAM\u00dcRSEL<br>YEN\u0130\u00c7A\u011e GIDA<br>YILMAZ \u0130PEK TEKST\u0130L<br>Y\u0130B\u0130TA\u015e<br>Y\u0130B\u0130TA\u015e LAFARGE&nbsp;<br>Y\u00dcKSEL DI\u015e T\u0130CARET<br>Y\u00dcKSEL \u0130N\u015eAAT<br>Y\u00dcN\u0130SAN<br>ZENECA<br>ZEYT\u0130NO\u011eLU HOLD\u0130NG<br>ZIRPLAST A.\u015e.<br>Z\u0130KNA LTD.<br>ZORLU HOLD\u0130NG<\/p>\n","protected":false},"excerpt":{"rendered":"<div class=\"slide-text-bg2\"><span>H\u0130ZMET VERD\u0130\u011e\u0130M\u0130Z KURULU\u015eLAR 1995\u2019den Bu yana Alfabetik S\u0131ra \u0130le ABALIO\u011eLU HOLD\u0130NGABB ELEKTR\u0130KABBOTTABD\u0130 \u0130BRAH\u0130M \u0130LA\u00c7 SAN. \u00a0 \u00a0\u00a0ABKA G?<\/span><\/div>\n<div class=\"slide-btn-area-sm\"><a href=\"https:\/\/www.arc.com.tr\/index.php\/referanslar\/\" class=\"slide-btn-sm\">Devam\u0131n\u0131 oku<\/a><\/div>\n","protected":false},"author":1,"featured_media":0,"parent":0,"menu_order":0,"comment_status":"closed","ping_status":"closed","template":"","meta":[],"_links":{"self":[{"href":"https:\/\/www.arc.com.tr\/index.php\/wp-json\/wp\/v2\/pages\/54"}],"collection":[{"href":"https:\/\/www.arc.com.tr\/index.php\/wp-json\/wp\/v2\/pages"}],"about":[{"href":"https:\/\/www.arc.com.tr\/index.php\/wp-json\/wp\/v2\/types\/page"}],"author":[{"embeddable":true,"href":"https:\/\/www.arc.com.tr\/index.php\/wp-json\/wp\/v2\/users\/1"}],"replies":[{"embeddable":true,"href":"https:\/\/www.arc.com.tr\/index.php\/wp-json\/wp\/v2\/comments?post=54"}],"version-history":[{"count":2,"href":"https:\/\/www.arc.com.tr\/index.php\/wp-json\/wp\/v2\/pages\/54\/revisions"}],"predecessor-version":[{"id":302,"href":"https:\/\/www.arc.com.tr\/index.php\/wp-json\/wp\/v2\/pages\/54\/revisions\/302"}],"wp:attachment":[{"href":"https:\/\/www.arc.com.tr\/index.php\/wp-json\/wp\/v2\/media?parent=54"}],"curies":[{"name":"wp","href":"https:\/\/api.w.org\/{rel}","templated":true}]}}